hat is the millions digit of 1457099?
1
What is the ten thousands digit of 347489?
4
What is the tens digit of 19543?
4
What is the tens digit of 4450022?
2
What is the hundred thousands digit of 281828?
2
What is the hundreds digit of 14176337?
3
What is the hundred thousands digit of 2677128?
6
What is the ten thousands digit of 16787466?
8
What is the hundred thousands digit of 2485676?
4
What is the thousands digit of 3127144?
7
What is the hundred thousands digit of 1458141?
4
What is the units digit of 391894?
4
What is the hundred thousands digit of 13452118?
4
What is the tens digit of 408128?
2
What is the hundred thousands digit of 315369?
3
What is the units digit of 665138?
8
What is the ten thousands digit of 259650?
5
What is the hundreds digit of 19387658?
6
What is the tens digit of 18247623?
2
What is the millions digit of 1904049?
1
What is the ten millions digit of 36490999?
3
What is the thousands digit of 4996228?
6
What is the ten thousands digit of 85735?
8
What is the tens digit of 9159693?
9
What is the hundreds digit of 8666388?
3
What is the tens digit of 188519?
1
What is the tens digit of 5480780?
8
What is the tens digit of 233935?
3
What is the ten thousands digit of 137253?
3
What is the hundreds digit of 773467?
4
What is the units digit of 508175?
5
What is the thousands digit of 209663?
9
What is the units digit of 5825332?
2
What is the units digit of 757796?
6
What is the thousands digit of 5573081?
3
What is the hundred thousands digit of 2135125?
1
What is the ten thousands digit of 10779?
1
What is the units digit of 513209?
9
What is the units digit of 310557?
7
What is the hundreds digit of 182090?
0
What is the tens digit of 1048104?
0
What is the ten thousands digit of 248778?
4
What is the ten thousands digit of 333770?
3
What is the hundreds digit of 20997399?
3
What is the units digit of 183971?
1
What is the ten thousands digit of 5648902?
4
What is the thousands digit of 96601?
6
What is the millions digit of 10014621?
0
What is the tens digit of 378828?
2
What is the ten thousands digit of 4519119?
1
What is the units digit of 480582?
2
What is the hundreds digit of 1502455?
4
What is the units digit of 413371?
1
What is the hundreds digit of 19235401?
4
What is the tens digit of 274210?
1
What is the thousands digit of 1899523?
9
What is the hundred thousands digit of 487641?
4
What is the hundred thousands digit of 598124?
5
What is the units digit of 334669?
9
What is the ten thousands digit of 289521?
8
What is the tens digit of 101512?
1
What is the ten thousands digit of 19611687?
1
What is the ten thousands digit of 1809155?
0
What is the ten thousands digit of 19734?
1
What is the hundreds digit of 220781?
7
What is the hundreds digit of 2593823?
8
What is the thousands digit of 305785?
5
What is the tens digit of 290747?
4
What is the thousands digit of 903775?
3
What is the thousands digit of 277314?
7
What is the thousands digit of 74902?
4
What is the thousands digit of 452562?
2
What is the thousands digit of 3609828?
9
What is the thousands digit of 121210?
1
What is the hundred thousands digit of 4745075?
7
What is the millions digit of 5123700?
5
What is the hundreds digit of 49356?
3
What is the ten thousands digit of 39043?
3
What is the hundreds digit of 2915550?
5
What is the thousands digit of 32624997?
4
What is the ten thousands digit of 6517842?
1
What is the millions digit of 3628308?
3
What is the tens digit of 4645512?
1
What is the ten thousands digit of 370810?
7
What is the tens digit of 233233?
3
What is the hundred thousands digit of 1763983?
7
What is the hundred thousands digit of 2297138?
2
What is the thousands digit of 13112466?
2
What is the ten thousands digit of 337255?
3
What is the ten thousands digit of 6200884?
0
What is the tens digit of 5360692?
9
What is the units digit of 49214?
4
What is the hundreds digit of 95325?
3
What is the ten thousands digit of 222246?
2
What is the ten thousands digit of 10833390?
3
What is the hundred thousands digit of 1235515?
2
What is the hundreds digit of 100594?
5
What is the thousands digit of 2138518?
8
What is the millions digit of 12160782?
2
What is the hundreds digit of 3938742?
7
What is the ten thousands digit of 788129?
8
What is the tens digit of 1920017?
1
What is the thousands digit of 258961?
8
What is the thousands digit of 163379?
3
What is the ten thousands digit of 424458?
2
What is the thousands digit of 129285?
9
What is the millions digit of 9567053?
9
What is the thousands digit of 973385?
3
What is the tens digit of 54354?
5
What is the thousands digit of 4674683?
4
What is the hundreds digit of 782944?
9
What is the tens digit of 17010295?
9
What is the units digit of 299762?
2
What is the tens digit of 8734097?
9
What is the hundred thousands digit of 819359?
8
What is the thousands digit of 2060792?
0
What is the hundred thousands digit of 26553237?
5
What is the units digit of 896487?
7
What is the ten thousands digit of 6309269?
0
What is the hundreds digit of 170838?
8
What is the hundreds digit of 297024?
0
What is the hundreds digit of 1377111?
1
What is the ten thousands digit of 5778664?
7
What is the units digit of 1711073?
3
What is the thousands digit of 536659?
6
What is the thousands digit of 272402?
2
What is the tens digit of 3739042?
4
What is the hundred thousands digit of 9233249?
2
What is the thousands digit of 77750?
7
What is the tens digit of 4140004?
0
What is the thousands digit of 1041563?
1
What is the ten thousands digit of 395574?
9
What is the hundred thousands digit of 3392410?
3
What is the units digit of 4425788?
8
What is the thousands digit of 398273?
8
What is the millions digit of 5406804?
5
What is the thousands digit of 6623864?
3
What is the ten thousands digit of 2019217?
1
What is the hundreds digit of 2416731?
7
What is the hundreds digit of 4538110?
1
What is the thousands digit of 3008862?
8
What is the units digit of 16379923?
3
What is the units digit of 1241174?
4
What is the thousands digit of 26145864?
5
What is the ten thousands digit of 21490929?
9
What is the hundreds digit of 178965?
9
What is the units digit of 798667?
7
What is the ten thousands digit of 208079?
0
What is the thousands digit of 10729786?
9
What is the thousands digit of 491308?
1
What is the hundreds digit of 718906?
9
What is the hundred thousands digit of 552037?
5
What is the thousands digit of 21072251?
2
What is the hundreds digit of 276202?
2
What is the thousands digit of 762003?
2
What is the thousands digit of 11958?
1
What is the ten thousands digit of 3005906?
0
What is the hundred thousands digit of 33460863?
4
What is the units digit of 12232502?
2
What is the hundred thousands digit of 3832158?
8
What is the hundred thousands digit of 465751?
4
What is the hundreds digit of 258652?
6
What is the units digit of 518843?
3
What is the ten thousands digit of 13729?
1
What is the tens digit of 200905?
0
What is the units digit of 82683?
3
What is the units digit of 3657785?
5
What is the units digit of 2650479?
9
What is the units digit of 10780182?
2
What is the millions digit of 2126024?
2
What is the hundreds digit of 141047?
0
What is the tens digit of 5811549?
4
What is the millions digit of 2925263?
2
What is the thousands digit of 19616384?
6
What is the tens digit of 18145?
4
What is the hundreds digit of 23113398?
3
What is the hundreds digit of 1497535?
5
What is the units digit of 9717600?
0
What is the hundreds digit of 25639?
6
What is the hundred thousands digit of 466083?
4
What is the thousands digit of 5149274?
9
What is the hundred thousands digit of 1594726?
5
What is the thousands digit of 1791052?
1
What is the millions digit of 1049219?
1
What is the tens digit of 14741562?
6
What is the millions digit of 2018739?
2
What is the tens digit of 157066?
6
What is the ten thousands digit of 2064398?
6
What is the thousands digit of 31920?
1
What is the hundred thousands digit of 300626?
3
What is the millions digit of 14564125?
4
What is the ten thousands digit of 25766459?
6
What is the ten millions digit of 24225275?
2
What is the ten thousands digit of 8718449?
1
What is the thousands digit of 14076748?
6
What is the millions digit of 